66024?
-6601a
In base 3, what is -1011 + 101102112?
101101101
In base 7, what is 425322 - -5?
425330
In base 14, what is 238 - 11?
227
In base 8, what is 30164 + 1?
30165
In base 16, what is 367fc9 - 0?
367fc9
In base 13, what is 1 + -2829?
-2828
In base 14, what is 18 + -51a?
-502
In base 14, what is -2 - 48?
-4a
In base 5, what is 0 + 124242002?
124242002
In base 14, what is -3 + -2b23c?
-2b241
In base 8, what is -21405416 - 5?
-21405423
In base 14, what is -10c2d - 1?
-10c30
In base 4, what is -1202 - -1300?
32
In base 14, what is -502 + 340?
-1a2
In base 3, what is 12111122 + -1000222?
11110200
In base 4, what is -1133 + 1?
-1132
In base 10, what is -424 - -25?
-399
In base 15, what is 24039 - -7?
24041
In base 11, what is -a16 - -30a?
-707
In base 2, what is 1000110010111110010 + -10?
1000110010111110000
In base 14, what is db - -139?
236
In base 3, what is -202 + -110212201?
-110220110
In base 10, what is -582093 + -4?
-582097
In base 10, what is 17505 + -352?
17153
In base 6, what is -52 + 1215?
1123
In base 2, what is 1 + 100100001101100011101?
100100001101100011110
In base 14, what is 73 + -178?
-105
In base 4, what is 10 - -3222230?
3222300
In base 13, what is -97720 + -4?
-97724
In base 9, what is -2718764 - 0?
-2718764
In base 8, what is -6 - -2363701?
2363673
In base 4, what is -220121120 - -1?
-220121113
In base 16, what is -2f5b - 4?
-2f5f
In base 7, what is 1 + -135104?
-135103
In base 13, what is -5 + 33bbc?
33bb7
In base 16, what is 4 - 1efeb?
-1efe7
In base 12, what is 19486 + 33?
194b9
In base 10, what is -1291 - 324?
-1615
In base 4, what is 2103101011 + 3?
2103101020
In base 13, what is 3 - 10882?
-1087c
In base 16, what is -a - 4a?
-54
In base 11, what is -8a0 + -a0?
-990
In base 9, what is -614 + -41?
-655
In base 9, what is 1 - -11601?
11602
In base 6, what is 4 - 405112?
-405104
In base 2, what is 1000000110101101 - 11?
1000000110101010
In base 4, what is 10 + -3111223?
-3111213
In base 5, what is 421 - 3222?
-2301
In base 5, what is 0 - -2432231?
2432231
In base 7, what is 315 + -246?
36
In base 11, what is -1 - 2aa?
-300
In base 2, what is 10011000001 + 101110000100?
1000001000101
In base 7, what is 404215 + -5?
404210
In base 3, what is -1122201 + -221?
-1200122
In base 14, what is 151 - -72?
1c3
In base 9, what is 62 - 8734?
-8662
In base 11, what is 969 + 2a3?
1161
In base 7, what is 5 - -535636?
535644
In base 10, what is 1 + 86220?
86221
In base 2, what is -1 + 1101111100010000?
1101111100001111
In base 14, what is 337 - 13b?
1da
In base 8, what is 2066 - -6255?
10343
In base 6, what is -130 - 33543?
-34113
In base 7, what is -4665 + 322?
-4343
In base 4, what is -3122223113 - 1?
-3122223120
In base 11, what is -453 - a?
-462
In base 2, what is -110100110 + 10011110001100?
10010111100110
In base 7, what is 6023142 - 0?
6023142
In base 5, what is 2113420 - -44?
2114014
In base 7, what is -2 - 255526?
-255531
In base 8, what is 272027 + -5?
272022
In base 4, what is -20201033131 - -1?
-20201033130
In base 4, what is -1323 + -33232?
-101221
In base 6, what is 2545 + 5030?
12015
In base 13, what is 2 - 27c77?
-27c75
In base 3, what is -20000202 - -20001?
-12210201
In base 7, what is -41343 + -35?
-41411
In base 9, what is -33374 + 4?
-33370
In base 13, what is 3c28 + -5?
3c23
In base 15, what is 11b + 121?
23c
In base 5, what is -23 - -3023343?
3023320
In base 16, what is 98fed + -3?
98fea
In base 9, what is -1 - -631621?
631620
In base 4, what is 13232 + -1132?
12100
In base 6, what is -1330 - -4444?
3114
In base 12, what is 14 + 13ba3a?
13ba52
In base 15, what is -2a + ea9?
e7e
In base 13, what is -5582c + -7?
-55836
In base 8, what is -2266 + -24?
-2312
In base 10, what is 143 - 9321?
-9178
In base 9, what is 1212 - 133?
1068
In base 8, what is -6 - -14025?
14017
In base 3, what is 12202110210 - -21?
12202111001
In base 10, what is -1575261 - -5?
-1575256
In base 10, what is 14 + -19945?
-19931
In base 12, what is -3493 + -5?
-3498
In base 4, what is -3 + 10121210131?
10121210122
In base 13, what is -5 - 2b185?
-2b18a
In base 12, what is 2 + 19666?
19668
In base 12, what is -571b - 3?
-5722
In base 10, what is 6679 - -148?
6827
In base 5, what is 103123 - 41?
103032
In base 9, what is 1 + 73672?
73673
In base 16, what is -1536 - 13?
-1549
In base 14, what is -4424 + 63?
-43a1
In base 10, what is 19099 - 5?
19094
In base 4, what is 2 - 1101230110?
-1101230102
In base 9, what is 65 + -404?
-328
In base 9, what is -554 + 1855?
1301
In base 12, what is 27250 + -13?
27239
In base 11, what is -2 - -8723?
8721
In base 8, what is 21 - 1236?
-1215
In base 10, what is -16909 - 95?
-17004
In base 5, what is -1122021 + 114?
-1121402
In base 12, what is 23659 + -18?
23641
In base 13, what is 149 - -c?
158
In base 2, what is -1011000 - -1001000?
-10000
In base 6, what is -1 - -134314?
134313
In base 10, what is 3 + 53281?
53284
In base 3, what is 10 + -20220220?
-20220210
In base 5, what is 34 + 33030301?
33030340
In base 6, what is 113 - -3302?
3415
In base 14, what is -ac545 - 2?
-ac547
In base 13, what is -45 - -7876?
7831
In base 9, what is -1837125 - 2?
-1837127
In base 5, what is -3341311042 + 1?
-3341311041
In base 6, what is -203 - 545?
-1152
In base 6, what is 0 - 1335130?
-1335130
In base 16, what is -33 + 1f09?
1ed6
In base 14, what is -d + -667?
-676
In base 2, what is 1101111010110 - 100?
1101111010010
In base 10, what is 11531 - 5?
11526
In base 6, what is 100 - -34132?
34232
In base 10, what is 8824 + 1?
8825
In base 16, what is -11e2a + 5?
-11e25
In base 7, what is -2524404 - 2?
-2524406
In base 8, what is -5411 - -5?
-5404
In base 14, what is 2 + -25b0?
-25ac
In base 16, what is -209f1 - 4?
-209f5
In base 2, what is 1 - -10001111100011?
10001111100100
In base 9, what is 76 + -3774?
-3687
In base 14, what is -24 + -50?
-74
In base 2, what is 101 + -100110101010100?
-100110101001111
In base 8, what is -204 - -54440?
54234
In base 11, what is -1993 - -5?
-1989
In base 8, what is -27103 - 6?
-27111
In base 11, what is 55 + -16785?
-16730
In base 14, what is -343a + b?
-342d
In base 16, what is 0 + -3ba49?
-3ba49
In base 4, what is 2011 + -12021?
-10010
In base 15, what is -1e - eb1?
-ed0
In base 6, what is -24425 - 0?
-24425
In base 3, what is 221122220 + 1111?
221201101
In base 15, what is 592960 - 1?
59295e
In base 4, what is 232202 - 3?
232133
In base 6, what is 21 + -545333?
-545312
In base 3, what is -2 - 1011000?
-1011002
In base 12, what is -19b - -554?
375
In base 8, what is 4 + -112436?
-112432
In base 2, what is -110101010 - 1110?
-110111000
In base 3, what is 1 - -20011010012?
20011010020
In base 9, what is 33205 + -18?
33176
In base 2, what is 100 + -1100000001?
-1011111101
In base 9, what is -74 - -13168?
13084
In base 13, what is 868 + -44?
824
In base 11, what is 332 - -77?
3a9
In base 7, what is -6502 + -30?
-6532
In base 16, what is 222 + -1b7?
6b
In base 14, what is -3 + -5926?
-5929
In base 7, what is -301 - -420?
116
In base 14, what is 1ad - -b0?
27d
In base 8, what is -1230 + 1?
-1227
In base 10, what is -4 - -5013?
5009
In base 10, what is 31 + -851?
-820
In base 15, what is -1d44 - 26?
-1d6a
In base 9, what is 22 - -13406?
13428
In base 10, what is -5 + 40997?
40992
In base 3, what is 10 - -2101111211?
2101111221
In base 11, what is -3 - 9434?
-9437
In base 11, what is -2649 + 1595?
-1064
In base 15, what is -302 + 15?
-2dc
In base 14, what is -1 - 6074?
-6075
In base 4, what is 1030 + 103311?
111001
In base 5, what is 2110200112 + 1?
2110200113
In base 15, what is 55c - 8a?
4c2
In base 5, what is -121340 + 100?
-121240
In base 16, what is -5edc - -18?
-5ec4
In base 5, what is 21 - 203414?
-203343
In base 2, what is 101 - -11011000000011?
11011000001000
In base 10, what is -3281 + 8?
-3273
In base 16, what is 342 - -402?
744
In base 7, what is 155342 - -35?
155410
In base 8, what is 2 + 223542?
223544
In base 2, what is -110000100110 - 100000?
-110001000110
In base 16, what is -219 + 12?
-207
In base 7, what is -4 + -442332?
-442336
In base 5, what is -31 - -2400400?
2400314
In base 15, what is 12e90 - -35?
12ec5
In base 16, what is -54 + 11f5?
11a1
In base 12, what is 27406 + 14?
2741a
In base 13, what is 4a + -112?
-95
In base 9, what is 21 + -7832?
-7811
In base 13, what is acb49 -